{"id":229,"date":"2020-09-24T23:40:47","date_gmt":"2020-09-24T21:40:47","guid":{"rendered":"https:\/\/przedszkolestawiski.pl\/?page_id=229"},"modified":"2024-06-06T09:10:46","modified_gmt":"2024-06-06T07:10:46","slug":"kadra","status":"publish","type":"page","link":"https:\/\/przedszkolestawiski.pl\/?page_id=229","title":{"rendered":"Pracownicy"},"content":{"rendered":"<p style=\"text-align: center;\"><strong><span style=\"font-size: 12pt;\">Rada Pedagogiczna (rok szkolny 2023\/24):<\/span><\/strong><\/p>\n<p style=\"text-align: center;\"><img loading=\"lazy\" decoding=\"async\" class=\"aligncenter size-full wp-image-2600\" src=\"https:\/\/przedszkolestawiski.pl\/wp-content\/uploads\/2023\/10\/Rada_Pedagogiczna_2023-24.jpg\" alt=\"\" width=\"2362\" height=\"1713\" srcset=\"https:\/\/przedszkolestawiski.pl\/wp-content\/uploads\/2023\/10\/Rada_Pedagogiczna_2023-24.jpg 2362w, https:\/\/przedszkolestawiski.pl\/wp-content\/uploads\/2023\/10\/Rada_Pedagogiczna_2023-24-800x580.jpg 800w, https:\/\/przedszkolestawiski.pl\/wp-content\/uploads\/2023\/10\/Rada_Pedagogiczna_2023-24-1024x743.jpg 1024w, https:\/\/przedszkolestawiski.pl\/wp-content\/uploads\/2023\/10\/Rada_Pedagogiczna_2023-24-768x557.jpg 768w, https:\/\/przedszkolestawiski.pl\/wp-content\/uploads\/2023\/10\/Rada_Pedagogiczna_2023-24-1536x1114.jpg 1536w, https:\/\/przedszkolestawiski.pl\/wp-content\/uploads\/2023\/10\/Rada_Pedagogiczna_2023-24-2048x1485.jpg 2048w\" sizes=\"auto, (max-width: 2362px) 100vw, 2362px\" \/><\/p>\n<p>(od g\u00f3ry, od lewej)<\/p>\n<ul>\n<li><em>Urszula \u0141akus Dzi\u0119gielewska,<\/em><\/li>\n<li><span style=\"font-size: 12pt;\"><em>Helena Pajer,<\/em><\/span><\/li>\n<li><em>Barbara Czarnecka,<\/em><\/li>\n<li><em>Paula Bogda\u0144ska,<\/em><\/li>\n<li><span style=\"font-size: 12pt;\"><em>Iwona Paczoszka,<\/em><\/span><\/li>\n<li><span style=\"font-size: 12pt;\"><em>Iwona Bogda\u0144ska,<\/em><\/span><\/li>\n<li><span style=\"font-size: 12pt;\"><em>Katarzyna Soko\u0142owska.<\/em><\/span><\/li>\n<\/ul>\n<p style=\"text-align: center;\"><strong>Pracownicy administracji i obs\u0142ugi:<\/strong><\/p>\n<p style=\"text-align: center;\"><img loading=\"lazy\" decoding=\"async\" class=\"aligncenter size-full wp-image-2601\" src=\"https:\/\/przedszkolestawiski.pl\/wp-content\/uploads\/2023\/10\/Pracownicy-Administracji_i_obslugi_2023-24.jpg\" alt=\"\" width=\"2362\" height=\"1713\" srcset=\"https:\/\/przedszkolestawiski.pl\/wp-content\/uploads\/2023\/10\/Pracownicy-Administracji_i_obslugi_2023-24.jpg 2362w, https:\/\/przedszkolestawiski.pl\/wp-content\/uploads\/2023\/10\/Pracownicy-Administracji_i_obslugi_2023-24-800x580.jpg 800w, https:\/\/przedszkolestawiski.pl\/wp-content\/uploads\/2023\/10\/Pracownicy-Administracji_i_obslugi_2023-24-1024x743.jpg 1024w, https:\/\/przedszkolestawiski.pl\/wp-content\/uploads\/2023\/10\/Pracownicy-Administracji_i_obslugi_2023-24-768x557.jpg 768w, https:\/\/przedszkolestawiski.pl\/wp-content\/uploads\/2023\/10\/Pracownicy-Administracji_i_obslugi_2023-24-1536x1114.jpg 1536w, https:\/\/przedszkolestawiski.pl\/wp-content\/uploads\/2023\/10\/Pracownicy-Administracji_i_obslugi_2023-24-2048x1485.jpg 2048w\" sizes=\"auto, (max-width: 2362px) 100vw, 2362px\" \/><\/p>\n<ul>\n<li><em>Anna Bagi\u0144ska,<\/em><\/li>\n<li><em>Hanna Filter,<\/em><\/li>\n<li><em>Beata Ramotowska,<\/em><\/li>\n<li><em>Wanda Michalska,<\/em><\/li>\n<li><em>Anna Sikorska,<\/em><\/li>\n<li><em>Joanna Konopka,<\/em><\/li>\n<li><em>Ma\u0142gorzata Jurczykowska,<\/em><\/li>\n<li><em>Jolanta Borzymowska.<\/em><\/li>\n<\/ul>\n<p style=\"text-align: center;\"><strong>Zaj\u0119cia dodatkowe<\/strong><\/p>\n<ul>\n<li><em>Chodnik Alina<\/em> \u2013 zaj\u0119cia korekcyjno &#8211; kompensacyjne<\/li>\n<li><em>D\u0119bek Grzegorz<\/em> \u2013 religia<\/li>\n<li><em>Kurpiewska El\u017cbieta<\/em> \u2013 zaj\u0119cia logopedyczne<\/li>\n<li><em>Kossewska Joanna<\/em> \u2013 j\u0119zyk angielski<\/li>\n<li><em>Paczoszka Grzegorz<\/em> &#8211; rytmika<\/li>\n<li><em>Waszkiewicz Bo\u017cena<\/em> \u2013 rewalidacja<\/li>\n<\/ul>\n","protected":false},"excerpt":{"rendered":"<p>Rada Pedagogiczna (rok szkolny 2023\/24): (od g\u00f3ry, od lewej) Urszula \u0141akus Dzi\u0119gielewska, Helena Pajer, Barbara Czarnecka, Paula Bogda\u0144ska, Iwona Paczoszka, Iwona Bogda\u0144ska, Katarzyna Soko\u0142owska. Pracownicy&hellip;<\/p>\n","protected":false},"author":1,"featured_media":0,"parent":0,"menu_order":0,"comment_status":"closed","ping_status":"closed","template":"","meta":{"ngg_post_thumbnail":0,"footnotes":""},"class_list":["post-229","page","type-page","status-publish","hentry"],"_links":{"self":[{"href":"https:\/\/przedszkolestawiski.pl\/index.php?rest_route=\/wp\/v2\/pages\/229","targetHints":{"allow":["GET"]}}],"collection":[{"href":"https:\/\/przedszkolestawiski.pl\/index.php?rest_route=\/wp\/v2\/pages"}],"about":[{"href":"https:\/\/przedszkolestawiski.pl\/index.php?rest_route=\/wp\/v2\/types\/page"}],"author":[{"embeddable":true,"href":"https:\/\/przedszkolestawiski.pl\/index.php?rest_route=\/wp\/v2\/users\/1"}],"replies":[{"embeddable":true,"href":"https:\/\/przedszkolestawiski.pl\/index.php?rest_route=%2Fwp%2Fv2%2Fcomments&post=229"}],"version-history":[{"count":42,"href":"https:\/\/przedszkolestawiski.pl\/index.php?rest_route=\/wp\/v2\/pages\/229\/revisions"}],"predecessor-version":[{"id":2901,"href":"https:\/\/przedszkolestawiski.pl\/index.php?rest_route=\/wp\/v2\/pages\/229\/revisions\/2901"}],"wp:attachment":[{"href":"https:\/\/przedszkolestawiski.pl\/index.php?rest_route=%2Fwp%2Fv2%2Fmedia&parent=229"}],"curies":[{"name":"wp","href":"https:\/\/api.w.org\/{rel}","templated":true}]}}

<p style="text-align: center;"><strong><span style="font-size: 12pt;">Rada Pedagogiczna (rok szkolny 2023/24):</span></strong></p>
<p style="text-align: center;"><img loading="lazy" decoding="async" class="aligncenter size-full wp-image-2600" src="https://przedszkolestawiski.pl/wp-content/uploads/2023/10/Rada_Pedagogiczna_2023-24.jpg" alt="" width="2362" height="1713" srcset="https://przedszkolestawiski.pl/wp-content/uploads/2023/10/Rada_Pedagogiczna_2023-24.jpg 2362w, https://przedszkolestawiski.pl/wp-content/uploads/2023/10/Rada_Pedagogiczna_2023-24-800x580.jpg 800w, https://przedszkolestawiski.pl/wp-content/uploads/2023/10/Rada_Pedagogiczna_2023-24-1024x743.jpg 1024w, https://przedszkolestawiski.pl/wp-content/uploads/2023/10/Rada_Pedagogiczna_2023-24-768x557.jpg 768w, https://przedszkolestawiski.pl/wp-content/uploads/2023/10/Rada_Pedagogiczna_2023-24-1536x1114.jpg 1536w, https://przedszkolestawiski.pl/wp-content/uploads/2023/10/Rada_Pedagogiczna_2023-24-2048x1485.jpg 2048w" sizes="auto, (max-width: 2362px) 100vw, 2362px" /></p>
<p>(od góry, od lewej)</p>
<ul>
<li><em>Urszula Łakus Dzięgielewska,</em></li>
<li><span style="font-size: 12pt;"><em>Helena Pajer,</em></span></li>
<li><em>Barbara Czarnecka,</em></li>
<li><em>Paula Bogdańska,</em></li>
<li><span style="font-size: 12pt;"><em>Iwona Paczoszka,</em></span></li>
<li><span style="font-size: 12pt;"><em>Iwona Bogdańska,</em></span></li>
<li><span style="font-size: 12pt;"><em>Katarzyna Sokołowska.</em></span></li>
</ul>
<p style="text-align: center;"><strong>Pracownicy administracji i obsługi:</strong></p>
<p style="text-align: center;"><img loading="lazy" decoding="async" class="aligncenter size-full wp-image-2601" src="https://przedszkolestawiski.pl/wp-content/uploads/2023/10/Pracownicy-Administracji_i_obslugi_2023-24.jpg" alt="" width="2362" height="1713" srcset="https://przedszkolestawiski.pl/wp-content/uploads/2023/10/Pracownicy-Administracji_i_obslugi_2023-24.jpg 2362w, https://przedszkolestawiski.pl/wp-content/uploads/2023/10/Pracownicy-Administracji_i_obslugi_2023-24-800x580.jpg 800w, https://przedszkolestawiski.pl/wp-content/uploads/2023/10/Pracownicy-Administracji_i_obslugi_2023-24-1024x743.jpg 1024w, https://przedszkolestawiski.pl/wp-content/uploads/2023/10/Pracownicy-Administracji_i_obslugi_2023-24-768x557.jpg 768w, https://przedszkolestawiski.pl/wp-content/uploads/2023/10/Pracownicy-Administracji_i_obslugi_2023-24-1536x1114.jpg 1536w, https://przedszkolestawiski.pl/wp-content/uploads/2023/10/Pracownicy-Administracji_i_obslugi_2023-24-2048x1485.jpg 2048w" sizes="auto, (max-width: 2362px) 100vw, 2362px" /></p>
<ul>
<li><em>Anna Bagińska,</em></li>
<li><em>Hanna Filter,</em></li>
<li><em>Beata Ramotowska,</em></li>
<li><em>Wanda Michalska,</em></li>
<li><em>Anna Sikorska,</em></li>
<li><em>Joanna Konopka,</em></li>
<li><em>Małgorzata Jurczykowska,</em></li>
<li><em>Jolanta Borzymowska.</em></li>
</ul>
<p style="text-align: center;"><strong>Zajęcia dodatkowe</strong></p>
<ul>
<li><em>Chodnik Alina</em> – zajęcia korekcyjno &#8211; kompensacyjne</li>
<li><em>Dębek Grzegorz</em> – religia</li>
<li><em>Kurpiewska Elżbieta</em> – zajęcia logopedyczne</li>
<li><em>Kossewska Joanna</em> – język angielski</li>
<li><em>Paczoszka Grzegorz</em> &#8211; rytmika</li>
<li><em>Waszkiewicz Bożena</em> – rewalidacja</li>
</ul>

<p>Rada Pedagogiczna (rok szkolny 2023/24): (od góry, od lewej) Urszula Łakus Dzięgielewska, Helena Pajer, Barbara Czarnecka, Paula Bogdańska, Iwona Paczoszka, Iwona Bogdańska, Katarzyna Sokołowska. Pracownicy&hellip;</p>
