{"id":153,"date":"2020-09-24T14:58:06","date_gmt":"2020-09-24T12:58:06","guid":{"rendered":"https:\/\/przedszkolestawiski.pl\/?page_id=153"},"modified":"2025-08-26T15:52:50","modified_gmt":"2025-08-26T13:52:50","slug":"o-przedszkolu","status":"publish","type":"page","link":"https:\/\/przedszkolestawiski.pl\/?page_id=153","title":{"rendered":"Przedszkole"},"content":{"rendered":"<h1 style=\"text-align: center;\" align=\"justify\">Przedszkole<\/h1>\n<p style=\"text-align: left;\" align=\"justify\"><span style=\"font-size: 12pt;\"><img loading=\"lazy\" decoding=\"async\" class=\"alignright wp-image-150\" src=\"https:\/\/przedszkolestawiski.pl\/wp-content\/uploads\/2020\/09\/091022143353.jpg\" alt=\"Zdj\u0119cie przedstawia budynek przedszkola w Stawiskach\" width=\"500\" height=\"375\" srcset=\"https:\/\/przedszkolestawiski.pl\/wp-content\/uploads\/2020\/09\/091022143353.jpg 640w, https:\/\/przedszkolestawiski.pl\/wp-content\/uploads\/2020\/09\/091022143353-300x225.jpg 300w\" sizes=\"auto, (max-width: 500px) 100vw, 500px\" \/>Nasze przedszkole istnieje od 1976 roku. Pierwszym dyrektorem przedszkola by\u0142a pani Ludwika Skrzypczak. Od wrze\u015bnia 2020 roku Miejskie Przedszkole od\u0142\u0105czy\u0142o si\u0119 od Zespo\u0142u Szkolno \u2013 Przedszkolnego i sta\u0142o si\u0119 odr\u0119bn\u0105 plac\u00f3wk\u0105. Obowi\u0105zki dyrektora przedszkola pe\u0142ni Pani Iwona Bogda\u0144ska.<\/span><\/p>\n<p style=\"text-align: left;\" align=\"justify\"><span style=\"font-size: 12pt;\">Przedszkole usytuowane jest w centrum miasta, w s\u0105siedztwie Szko\u0142y Podstawowej. Posiada ono zagospodarowany plac zabaw, kt\u00f3ry zaspokaja potrzeby ruchowe dzieci na \u015bwie\u017cym powietrzu i&nbsp;zach\u0119ca do zabawy.<\/span><\/p>\n<p style=\"text-align: left;\" align=\"justify\"><span style=\"font-size: 12pt;\">W jednopi\u0119trowym budynku mie\u015bci si\u0119 4 sale dydaktyczne, aula, gabinet dyrektora, intendenta, pomieszczenia socjalne i zaplecze pionu \u017cywienia. Nasze przedszkole jest kolorowe i bajeczne. Ci\u0105gle doskonalimy swoj\u0105 baz\u0119 lokalow\u0105. Sale wyposa\u017cone s\u0105 w nowe meble, pomoce dydaktyczne i&nbsp;pi\u0119kne zabawki.<\/span><\/p>\n<p style=\"text-align: left;\" align=\"justify\"><span style=\"font-size: 12pt;\">Do przedszkola ucz\u0119szczaj\u0105 dzieci w wieku 3-6 lat. Obecnie w&nbsp; przedszkolu pracuje 5 grup:<\/span><\/p>\n<ul>\n<li><span style=\"font-size: 12pt;\">Biedronki (3-4 latki)<\/span><\/li>\n<li><span style=\"font-size: 12pt;\"> Wiewi\u00f3rki (4-5 latki)<\/span><\/li>\n<li><span style=\"font-size: 12pt;\">Je\u017cyki (5 latki)<\/span><\/li>\n<li><span style=\"font-size: 12pt;\"> Motylki (5-6 latki)<\/span><\/li>\n<li><span style=\"font-size: 12pt;\">Muchomorki (5-6 latki)<\/span><\/li>\n<\/ul>\n<p style=\"text-align: left;\" align=\"justify\"><span style=\"font-size: 12pt;\">Plac\u00f3wka czynna jest od poniedzia\u0142ku do pi\u0105tku w godzinach 7<sup>00<\/sup>&#8211; 16<sup>00<\/sup>.<\/span><\/p>\n<p style=\"text-align: left;\" align=\"justify\"><span style=\"font-size: 12pt;\">Kadra pedagogiczna posiada pe\u0142ne kwalifikacje do pracy w przedszkolu; sze\u015bcioro nauczycieli dyplomowanych i jeden nauczyciel mianowany. Praca wychowawczo-dydaktyczna planowana jest zgodnie z podstaw\u0105 programow\u0105 wychowania przedszkolnego.<\/span><\/p>\n<p style=\"text-align: left;\" align=\"justify\"><span style=\"font-size: 12pt;\">Nasze przedszkole jest jedyn\u0105 plac\u00f3wk\u0105 w gminie Stawiski. Wobec dzieci i rodzic\u00f3w pe\u0142ni rol\u0119 wspomagaj\u0105c\u0105 i integruj\u0105c\u0105 spo\u0142eczno\u015b\u0107 lokaln\u0105. W realizacj\u0119 naszej misji zaanga\u017cowany jest ca\u0142y personel pedagogiczny, administracyjno-obs\u0142ugowy, jak r\u00f3wnie\u017c rodzice, a efektem naszej wsp\u00f3lnej pracy jest przedszkole, w kt\u00f3rym dzieci czuj\u0105 si\u0119 wa\u017cne, bezpieczne i&nbsp;akceptowane.<\/span><\/p>\n","protected":false},"excerpt":{"rendered":"<p>Przedszkole Nasze przedszkole istnieje od 1976 roku. Pierwszym dyrektorem przedszkola by\u0142a pani Ludwika Skrzypczak. Od wrze\u015bnia 2020 roku Miejskie Przedszkole od\u0142\u0105czy\u0142o si\u0119 od Zespo\u0142u Szkolno&hellip;<\/p>\n","protected":false},"author":1,"featured_media":0,"parent":0,"menu_order":0,"comment_status":"closed","ping_status":"closed","template":"","meta":{"ngg_post_thumbnail":0,"footnotes":""},"class_list":["post-153","page","type-page","status-publish","hentry"],"_links":{"self":[{"href":"https:\/\/przedszkolestawiski.pl\/index.php?rest_route=\/wp\/v2\/pages\/153","targetHints":{"allow":["GET"]}}],"collection":[{"href":"https:\/\/przedszkolestawiski.pl\/index.php?rest_route=\/wp\/v2\/pages"}],"about":[{"href":"https:\/\/przedszkolestawiski.pl\/index.php?rest_route=\/wp\/v2\/types\/page"}],"author":[{"embeddable":true,"href":"https:\/\/przedszkolestawiski.pl\/index.php?rest_route=\/wp\/v2\/users\/1"}],"replies":[{"embeddable":true,"href":"https:\/\/przedszkolestawiski.pl\/index.php?rest_route=%2Fwp%2Fv2%2Fcomments&post=153"}],"version-history":[{"count":37,"href":"https:\/\/przedszkolestawiski.pl\/index.php?rest_route=\/wp\/v2\/pages\/153\/revisions"}],"predecessor-version":[{"id":3332,"href":"https:\/\/przedszkolestawiski.pl\/index.php?rest_route=\/wp\/v2\/pages\/153\/revisions\/3332"}],"wp:attachment":[{"href":"https:\/\/przedszkolestawiski.pl\/index.php?rest_route=%2Fwp%2Fv2%2Fmedia&parent=153"}],"curies":[{"name":"wp","href":"https:\/\/api.w.org\/{rel}","templated":true}]}}

<h1 style="text-align: center;" align="justify">Przedszkole</h1>
<p style="text-align: left;" align="justify"><span style="font-size: 12pt;"><img loading="lazy" decoding="async" class="alignright wp-image-150" src="https://przedszkolestawiski.pl/wp-content/uploads/2020/09/091022143353.jpg" alt="Zdjęcie przedstawia budynek przedszkola w Stawiskach" width="500" height="375" srcset="https://przedszkolestawiski.pl/wp-content/uploads/2020/09/091022143353.jpg 640w, https://przedszkolestawiski.pl/wp-content/uploads/2020/09/091022143353-300x225.jpg 300w" sizes="auto, (max-width: 500px) 100vw, 500px" />Nasze przedszkole istnieje od 1976 roku. Pierwszym dyrektorem przedszkola była pani Ludwika Skrzypczak. Od września 2020 roku Miejskie Przedszkole odłączyło się od Zespołu Szkolno – Przedszkolnego i stało się odrębną placówką. Obowiązki dyrektora przedszkola pełni Pani Iwona Bogdańska.</span></p>
<p style="text-align: left;" align="justify"><span style="font-size: 12pt;">Przedszkole usytuowane jest w centrum miasta, w sąsiedztwie Szkoły Podstawowej. Posiada ono zagospodarowany plac zabaw, który zaspokaja potrzeby ruchowe dzieci na świeżym powietrzu i&nbsp;zachęca do zabawy.</span></p>
<p style="text-align: left;" align="justify"><span style="font-size: 12pt;">W jednopiętrowym budynku mieści się 4 sale dydaktyczne, aula, gabinet dyrektora, intendenta, pomieszczenia socjalne i zaplecze pionu żywienia. Nasze przedszkole jest kolorowe i bajeczne. Ciągle doskonalimy swoją bazę lokalową. Sale wyposażone są w nowe meble, pomoce dydaktyczne i&nbsp;piękne zabawki.</span></p>
<p style="text-align: left;" align="justify"><span style="font-size: 12pt;">Do przedszkola uczęszczają dzieci w wieku 3-6 lat. Obecnie w&nbsp; przedszkolu pracuje 5 grup:</span></p>
<ul>
<li><span style="font-size: 12pt;">Biedronki (3-4 latki)</span></li>
<li><span style="font-size: 12pt;"> Wiewiórki (4-5 latki)</span></li>
<li><span style="font-size: 12pt;">Jeżyki (5 latki)</span></li>
<li><span style="font-size: 12pt;"> Motylki (5-6 latki)</span></li>
<li><span style="font-size: 12pt;">Muchomorki (5-6 latki)</span></li>
</ul>
<p style="text-align: left;" align="justify"><span style="font-size: 12pt;">Placówka czynna jest od poniedziałku do piątku w godzinach 7<sup>00</sup>&#8211; 16<sup>00</sup>.</span></p>
<p style="text-align: left;" align="justify"><span style="font-size: 12pt;">Kadra pedagogiczna posiada pełne kwalifikacje do pracy w przedszkolu; sześcioro nauczycieli dyplomowanych i jeden nauczyciel mianowany. Praca wychowawczo-dydaktyczna planowana jest zgodnie z podstawą programową wychowania przedszkolnego.</span></p>
<p style="text-align: left;" align="justify"><span style="font-size: 12pt;">Nasze przedszkole jest jedyną placówką w gminie Stawiski. Wobec dzieci i rodziców pełni rolę wspomagającą i integrującą społeczność lokalną. W realizację naszej misji zaangażowany jest cały personel pedagogiczny, administracyjno-obsługowy, jak również rodzice, a efektem naszej wspólnej pracy jest przedszkole, w którym dzieci czują się ważne, bezpieczne i&nbsp;akceptowane.</span></p>

<p>Przedszkole Nasze przedszkole istnieje od 1976 roku. Pierwszym dyrektorem przedszkola była pani Ludwika Skrzypczak. Od września 2020 roku Miejskie Przedszkole odłączyło się od Zespołu Szkolno&hellip;</p>
